{"id":617,"date":"2025-04-01T00:13:54","date_gmt":"2025-03-31T22:13:54","guid":{"rendered":"https:\/\/info.rollerhockey.fr\/?page_id=617"},"modified":"2025-04-01T00:38:17","modified_gmt":"2025-03-31T22:38:17","slug":"rendez-vous","status":"publish","type":"page","link":"https:\/\/info.rollerhockey.fr\/index.php\/rendez-vous\/","title":{"rendered":"Rendez-vous&#8230;"},"content":{"rendered":"\n<p>Pour cela rien de bien compliqu\u00e9. Il suffit de choisir le sujet de votre demande et de prendre rendez-vous avec la personne de votre choix sur ces heures de disponibilit\u00e9. <\/p>\n\n\n\n<p>Un courriel est envoy\u00e9 aux deux parties.<\/p>\n\n\n\n<p><\/p>\n\n\n\n<div class=\"wp-block-buttons is-content-justification-center is-layout-flex wp-container-core-buttons-is-layout-16018d1d wp-block-buttons-is-layout-flex\">\n<div class=\"wp-block-button\"><a class=\"wp-block-button__link wp-element-button\" href=\"https:\/\/calendrier.roller-skateboard.fr\">Prendre un rendez-vous<\/a><\/div>\n<\/div>\n\n\n\n<p>notez que de nouvelles personnes seront int\u00e9gr\u00e9es \u00e0 cette application.<\/p>\n\n\n\n<p><\/p>\n\n\n\n<p>Pour le moment, seul Yohann Labreux dans le secteur sport et management et l'association EMC sont parties int\u00e9grantes du calendrier.<\/p>\n\n\n\n<p>A venir <\/p>\n\n\n\n<ul class=\"wp-block-list\">\n<li>Elise Besson en qualit\u00e9 de juge et arbitre \u00e9lue au CA FFRS<\/li>\n<\/ul>\n\n\n\n<p><\/p>\n\n\n\n<p>Un canal d\u00e9di\u00e9 sera ouvert pour les arbitres le lundi midi en cas de question sur une visioconf\u00e9rence de 12h15 \u00e0 13h15. information \u00e0 venir.<\/p>\n\n\n\n<p><\/p>\n","protected":false},"excerpt":{"rendered":"<p>Pour cela rien de bien compliqu\u00e9. Il suffit de choisir le sujet de votre demande et de prendre rendez-vous avec<\/p>\n","protected":false},"author":1,"featured_media":0,"parent":0,"menu_order":0,"comment_status":"closed","ping_status":"closed","template":"","meta":{"footnotes":""},"class_list":["post-617","page","type-page","status-publish","hentry","comments-off"],"_links":{"self":[{"href":"https:\/\/info.rollerhockey.fr\/index.php\/wp-json\/wp\/v2\/pages\/617","targetHints":{"allow":["GET"]}}],"collection":[{"href":"https:\/\/info.rollerhockey.fr\/index.php\/wp-json\/wp\/v2\/pages"}],"about":[{"href":"https:\/\/info.rollerhockey.fr\/index.php\/wp-json\/wp\/v2\/types\/page"}],"author":[{"embeddable":true,"href":"https:\/\/info.rollerhockey.fr\/index.php\/wp-json\/wp\/v2\/users\/1"}],"replies":[{"embeddable":true,"href":"https:\/\/info.rollerhockey.fr\/index.php\/wp-json\/wp\/v2\/comments?post=617"}],"version-history":[{"count":6,"href":"https:\/\/info.rollerhockey.fr\/index.php\/wp-json\/wp\/v2\/pages\/617\/revisions"}],"predecessor-version":[{"id":628,"href":"https:\/\/info.rollerhockey.fr\/index.php\/wp-json\/wp\/v2\/pages\/617\/revisions\/628"}],"wp:attachment":[{"href":"https:\/\/info.rollerhockey.fr\/index.php\/wp-json\/wp\/v2\/media?parent=617"}],"curies":[{"name":"wp","href":"https:\/\/api.w.org\/{rel}","templated":true}]}}