{"id":346,"date":"2025-03-17T12:01:49","date_gmt":"2025-03-17T11:01:49","guid":{"rendered":"https:\/\/info.rollerhockey.fr\/?page_id=346"},"modified":"2025-03-18T16:01:57","modified_gmt":"2025-03-18T15:01:57","slug":"vous-voulez-une-adresse-rollerhockey-fr","status":"publish","type":"page","link":"https:\/\/info.rollerhockey.fr\/index.php\/vous-voulez-une-adresse-rollerhockey-fr\/","title":{"rendered":"@dresse courriel"},"content":{"rendered":"\n<p>Vous souhaitez une adresse courriel de type : <strong><mark style=\"background-color:rgba(0, 0, 0, 0)\" class=\"has-inline-color has-accent-color\">@rollerhockey.fr <\/mark><\/strong>ou <strong><mark style=\"background-color:rgba(0, 0, 0, 0)\" class=\"has-inline-color has-accent-color\">@roller-skateboard.fr<\/mark><\/strong><\/p>\n\n\n\n<p>Bonjour, dans le cadre du d\u00e9veloppement et si vous souhaitez une adresse avec nom de domaine du type yohann.labreux@rollerhockey.fr ou yohann.labreux@roller-skateboard.fr, je suis ouvert \u00e0 discussion pour vous la fournir.<\/p>\n\n\n<div class=\"gglcptch gglcptch_v2\"><div id=\"gglcptch_recaptcha_1951944784\" class=\"gglcptch_recaptcha\"><\/div>\n\t\t\t\t<noscript>\n\t\t\t\t\t<div style=\"width: 302px;\">\n\t\t\t\t\t\t<div style=\"width: 302px; height: 422px; position: relative;\">\n\t\t\t\t\t\t\t<div style=\"width: 302px; height: 422px; position: absolute;\">\n\t\t\t\t\t\t\t\t<iframe src=\"https:\/\/www.google.com\/recaptcha\/api\/fallback?k=6Le5ZfgqAAAAAFpGUpXn4dYTrvlgAZtfv_A0zjQu\" frameborder=\"0\" scrolling=\"no\" style=\"width: 302px; height:422px; border-style: none;\"><\/iframe>\n\t\t\t\t\t\t\t<\/div>\n\t\t\t\t\t\t<\/div>\n\t\t\t\t\t\t<div style=\"border-style: none; bottom: 12px; left: 25px; margin: 0px; padding: 0px; right: 25px; background: #f9f9f9; border: 1px solid #c1c1c1; border-radius: 3px; height: 60px; width: 300px;\">\n\t\t\t\t\t\t\t<input type=\"hidden\" id=\"g-recaptcha-response\" name=\"g-recaptcha-response\" class=\"g-recaptcha-response\" style=\"width: 250px !important; height: 40px !important; border: 1px solid #c1c1c1 !important; margin: 10px 25px !important; padding: 0px !important; resize: none !important;\">\n\t\t\t\t\t\t<\/div>\n\t\t\t\t\t<\/div>\n\t\t\t\t<\/noscript><\/div>\n\n\n\n<div class=\"forminator-guttenberg\"><div class=\"forminator-ui forminator-custom-form forminator-custom-form-347 forminator-design--default  forminator_ajax\" data-forminator-render=\"0\" data-form=\"forminator-module-347\" data-uid=\"69ece201e9d17\"><br\/><\/div><form\n\t\t\t\tid=\"forminator-module-347\"\n\t\t\t\tclass=\"forminator-ui forminator-custom-form forminator-custom-form-347 forminator-design--default  forminator_ajax\"\n\t\t\t\tmethod=\"post\"\n\t\t\t\tdata-forminator-render=\"0\"\n\t\t\t\tdata-form-id=\"347\"\n\t\t\t\tenctype=\"multipart\/form-data\" data-color-option=\"theme\" data-design=\"default\" data-grid=\"open\" style=\"display: none;\"\n\t\t\t\tdata-uid=\"69ece201e9d17\"\n\t\t\t><div role=\"alert\" aria-live=\"polite\" class=\"forminator-response-message forminator-error\" aria-hidden=\"true\"><\/div><div class=\"forminator-row\"><div id=\"name-1\" class=\"forminator-field-name forminator-col forminator-col-12 \"><div class=\"forminator-field\"><label for=\"forminator-field-name-1_69ece201e9d17\" id=\"forminator-field-name-1_69ece201e9d17-label\" class=\"forminator-label\">Nom Pr\u00e9nom<\/label><input type=\"text\" name=\"name-1\" value=\"\" placeholder=\"Par exemple\u00a0: Jacques Martin\" id=\"forminator-field-name-1_69ece201e9d17\" class=\"forminator-input forminator-name--field\" aria-required=\"false\" autocomplete=\"name\" \/><\/div><\/div><\/div><div class=\"forminator-row\"><div id=\"phone-1\" class=\"forminator-field-phone forminator-col forminator-col-6 \"><div class=\"forminator-field\"><label for=\"forminator-field-phone-1_69ece201e9d17\" id=\"forminator-field-phone-1_69ece201e9d17-label\" class=\"forminator-label\">T\u00e9l\u00e9phone<\/label><input type=\"text\" name=\"phone-1\" value=\"\" placeholder=\"Par exemple\u00a0: +1 02 03 05 06\" id=\"forminator-field-phone-1_69ece201e9d17\" class=\"forminator-input forminator-field--phone\" data-required=\"\" aria-required=\"false\" autocomplete=\"off\" \/><\/div><\/div><div id=\"email-1\" class=\"forminator-field-email forminator-col forminator-col-6 \"><div class=\"forminator-field\"><label for=\"forminator-field-email-1_69ece201e9d17\" id=\"forminator-field-email-1_69ece201e9d17-label\" class=\"forminator-label\">Adresse de messagerie<\/label><input type=\"email\" name=\"email-1\" value=\"\" placeholder=\"Par exemple\u00a0: jacques@martin.com\" id=\"forminator-field-email-1_69ece201e9d17\" class=\"forminator-input forminator-email--field\" data-required=\"\" aria-required=\"false\" autocomplete=\"email\" \/><\/div><\/div><\/div><div class=\"forminator-row\"><div id=\"checkbox-1\" class=\"forminator-field-checkbox forminator-col forminator-col-12 \"><div role=\"group\" class=\"forminator-field required\" aria-labelledby=\"forminator-checkbox-group-forminator-field-checkbox-1-69ece201e9d17-label\"><span id=\"forminator-checkbox-group-forminator-field-checkbox-1-69ece201e9d17-label\" class=\"forminator-label\">Fonction <span class=\"forminator-required\">*<\/span><\/span><span id=\"forminator-field-checkbox-1-69ece201e9d17-description\" class=\"forminator-description\">Fonction au sein de votre association<\/span><label id=\"forminator-field-checkbox-1-1-69ece201e9d17-label\" for=\"forminator-field-checkbox-1-1-69ece201e9d17\" class=\"forminator-checkbox\" title=\"Pr\u00e9sident\"><input type=\"checkbox\" name=\"checkbox-1[]\" value=\"one\" id=\"forminator-field-checkbox-1-1-69ece201e9d17\" aria-labelledby=\"forminator-field-checkbox-1-1-69ece201e9d17-label\" data-calculation=\"0\"   data-hidden-behavior=\"zero\" aria-describedby=\"forminator-field-checkbox-1-69ece201e9d17-description\"\/><span class=\"forminator-checkbox-box\" aria-hidden=\"true\"><\/span><span class=\"forminator-checkbox-label\">Pr\u00e9sident<\/span><\/label><label id=\"forminator-field-checkbox-1-2-69ece201e9d17-label\" for=\"forminator-field-checkbox-1-2-69ece201e9d17\" class=\"forminator-checkbox\" title=\"Administrateur\"><input type=\"checkbox\" name=\"checkbox-1[]\" value=\"two\" id=\"forminator-field-checkbox-1-2-69ece201e9d17\" aria-labelledby=\"forminator-field-checkbox-1-2-69ece201e9d17-label\" data-calculation=\"0\"   data-hidden-behavior=\"zero\" aria-describedby=\"forminator-field-checkbox-1-69ece201e9d17-description\"\/><span class=\"forminator-checkbox-box\" aria-hidden=\"true\"><\/span><span class=\"forminator-checkbox-label\">Administrateur<\/span><\/label><label id=\"forminator-field-checkbox-1-3-69ece201e9d17-label\" for=\"forminator-field-checkbox-1-3-69ece201e9d17\" class=\"forminator-checkbox\" title=\"Joueur\"><input type=\"checkbox\" name=\"checkbox-1[]\" value=\"Joueur\" id=\"forminator-field-checkbox-1-3-69ece201e9d17\" aria-labelledby=\"forminator-field-checkbox-1-3-69ece201e9d17-label\" data-calculation=\"0\"   data-hidden-behavior=\"zero\" aria-describedby=\"forminator-field-checkbox-1-69ece201e9d17-description\"\/><span class=\"forminator-checkbox-box\" aria-hidden=\"true\"><\/span><span class=\"forminator-checkbox-label\">Joueur<\/span><\/label><label id=\"forminator-field-checkbox-1-4-69ece201e9d17-label\" for=\"forminator-field-checkbox-1-4-69ece201e9d17\" class=\"forminator-checkbox\" title=\"Officiel de comp\u00e9tition\"><input type=\"checkbox\" name=\"checkbox-1[]\" value=\"Officiel-de-comp\u00e9tition\" id=\"forminator-field-checkbox-1-4-69ece201e9d17\" aria-labelledby=\"forminator-field-checkbox-1-4-69ece201e9d17-label\" data-calculation=\"0\"   data-hidden-behavior=\"zero\" aria-describedby=\"forminator-field-checkbox-1-69ece201e9d17-description\"\/><span class=\"forminator-checkbox-box\" aria-hidden=\"true\"><\/span><span class=\"forminator-checkbox-label\">Officiel de comp\u00e9tition<\/span><\/label><\/div><\/div><\/div><div class=\"forminator-row\"><div id=\"url-1\" class=\"forminator-field-url forminator-col forminator-col-12 \"><div class=\"forminator-field\"><label for=\"forminator-field-url-1_69ece201e9d17\" id=\"forminator-field-url-1_69ece201e9d17-label\" class=\"forminator-label\">Site web<\/label><input type=\"url\" name=\"url-1\" value=\"\" placeholder=\"Par exemple\u00a0: https:\/\/www.example.com\" id=\"forminator-field-url-1_69ece201e9d17\" class=\"forminator-input forminator-website--field\" data-required=\"\" aria-required=\"false\" \/><\/div><\/div><\/div><div class=\"forminator-row\"><div id=\"textarea-1\" class=\"forminator-field-textarea forminator-col forminator-col-12 \"><div class=\"forminator-field\"><label for=\"forminator-field-textarea-1_69ece201e9d17\" id=\"forminator-field-textarea-1_69ece201e9d17-label\" class=\"forminator-label\">Besoin<\/label><textarea name=\"textarea-1\" placeholder=\"Par exemple\u00a0: l&#039;adresse de messagerie serait un plus dans les d\u00e9marches du club aupr\u00e8s des partenaires plut\u00f4t que l&#039;utilisation de courriel g\u00e9n\u00e9rique.\" id=\"forminator-field-textarea-1_69ece201e9d17\" class=\"forminator-textarea\" rows=\"6\" style=\"--forminator-textarea-min-height:140px;\" ><\/textarea><\/div><\/div><\/div><div class=\"forminator-row\"><div id=\"upload-1\" class=\"forminator-field-upload forminator-col forminator-col-12 \"><div class=\"forminator-field\"><label for=\"forminator-field-upload-1_69ece201e9d17\" id=\"forminator-field-upload-1_69ece201e9d17-label\" class=\"forminator-label\">T\u00e9l\u00e9verser votre demande motiv\u00e9e<\/label><div class=\"forminator-file-upload \" data-element=\"upload-1_69ece201e9d17\"><input type=\"file\" name=\"upload-1\" id=\"forminator-field-upload-1_69ece201e9d17\" class=\"forminator-input-file\" accept=\".jpg,.jpeg,.jpe,.gif,.png,.bmp,.tiff,.tif,.webp,.avif,.ico,.heic,.heif,.heics,.heifs,.asf,.asx,.wmv,.wmx,.wm,.avi,.divx,.flv,.mov,.qt,.mpeg,.mpg,.mpe,.mp4,.m4v,.ogv,.webm,.mkv,.3gp,.3gpp,.3g2,.3gp2,.txt,.asc,.c,.cc,.h,.srt,.csv,.tsv,.ics,.rtx,.vtt,.mp3,.m4a,.m4b,.aac,.ra,.ram,.wav,.ogg,.oga,.flac,.mid,.midi,.wma,.wax,.mka,.rtf,.pdf,.class,.tar,.zip,.gz,.gzip,.7z,.psd,.xcf,.doc,.pot,.pps,.ppt,.wri,.xla,.xls,.xlt,.xlw,.mdb,.mpp,.docx,.docm,.dotx,.dotm,.xlsx,.xlsm,.xlsb,.xltx,.xltm,.xlam,.pptx,.pptm,.ppsx,.ppsm,.potx,.potm,.ppam,.sldx,.sldm,.onetoc,.onetoc2,.onetmp,.onepkg,.oxps,.xps,.odt,.odp,.ods,.odg,.odc,.odb,.odf,.wp,.wpd,.key,.numbers,.pages\" tabindex=\"-1\"><button id=\"forminator-field-upload-1_69ece201e9d17_button\" class=\"forminator-button forminator-button-upload\" data-id=\"forminator-field-upload-1_69ece201e9d17\">Choisissez un fichier<\/button><span data-empty-text=\"Aucun fichier s\u00e9lectionn\u00e9\">Aucun fichier s\u00e9lectionn\u00e9<\/span><button class=\"forminator-button-delete\" style=\"display: none;\"><i class=\"forminator-icon-close\" aria-hidden=\"true\"><\/i><span class=\"forminator-screen-reader-only\">Supprimer le fichier t\u00e9l\u00e9vers\u00e9<\/span><\/button><\/div><\/div><\/div><\/div><input type=\"hidden\" name=\"referer_url\" value=\"\" \/><div class=\"forminator-row forminator-row-last\"><div class=\"forminator-col\"><div class=\"forminator-field\"><button class=\"forminator-button forminator-button-submit\">Envoyer le message<\/button><\/div><\/div><\/div><input type=\"hidden\" id=\"forminator_nonce\" name=\"forminator_nonce\" value=\"6b94bc2505\" \/><input type=\"hidden\" name=\"_wp_http_referer\" value=\"\/index.php\/wp-json\/wp\/v2\/pages\/346\" \/><input type=\"hidden\" name=\"form_id\" value=\"347\"><input type=\"hidden\" name=\"page_id\" value=\"346\"><input type=\"hidden\" name=\"form_type\" value=\"default\"><input type=\"hidden\" name=\"current_url\" value=\"https:\/\/info.rollerhockey.fr\/index.php\/vous-voulez-une-adresse-rollerhockey-fr\/\"><input type=\"hidden\" name=\"render_id\" value=\"0\"><input type=\"hidden\" name=\"action\" value=\"forminator_submit_form_custom-forms\"><\/form><\/div>\n","protected":false},"excerpt":{"rendered":"<p>Vous souhaitez une adresse courriel de type : @rollerhockey.fr ou @roller-skateboard.fr Bonjour, dans le cadre du d\u00e9veloppement et si vous<\/p>\n","protected":false},"author":1,"featured_media":0,"parent":0,"menu_order":0,"comment_status":"closed","ping_status":"closed","template":"","meta":{"footnotes":""},"class_list":["post-346","page","type-page","status-publish","hentry","comments-off"],"_links":{"self":[{"href":"https:\/\/info.rollerhockey.fr\/index.php\/wp-json\/wp\/v2\/pages\/346","targetHints":{"allow":["GET"]}}],"collection":[{"href":"https:\/\/info.rollerhockey.fr\/index.php\/wp-json\/wp\/v2\/pages"}],"about":[{"href":"https:\/\/info.rollerhockey.fr\/index.php\/wp-json\/wp\/v2\/types\/page"}],"author":[{"embeddable":true,"href":"https:\/\/info.rollerhockey.fr\/index.php\/wp-json\/wp\/v2\/users\/1"}],"replies":[{"embeddable":true,"href":"https:\/\/info.rollerhockey.fr\/index.php\/wp-json\/wp\/v2\/comments?post=346"}],"version-history":[{"count":9,"href":"https:\/\/info.rollerhockey.fr\/index.php\/wp-json\/wp\/v2\/pages\/346\/revisions"}],"predecessor-version":[{"id":476,"href":"https:\/\/info.rollerhockey.fr\/index.php\/wp-json\/wp\/v2\/pages\/346\/revisions\/476"}],"wp:attachment":[{"href":"https:\/\/info.rollerhockey.fr\/index.php\/wp-json\/wp\/v2\/media?parent=346"}],"curies":[{"name":"wp","href":"https:\/\/api.w.org\/{rel}","templated":true}]}}